igit of l?
1
Let q = -1450 - 327. Let f = -884 - q. What is the units digit of f?
3
Suppose 0 = -35*p + 591613 + 149897. What is the thousands digit of p?
1
Let q(v) = -11*v**3 + 43*v**2 + 98*v - 13. What is the thousands digit of q(-12)?
4
Let b = -46 + 49. Let g be 3/(-9) - ((-349)/3 + b). Suppose -3*k + 2*o + 73 = 6*o, 2*o + g = 5*k. What is the tens digit of k?
2
Suppose -19*o + 4*o = -150. What is the tens digit of 9/((-45)/(-2)) - (-2656)/o?
6
What is the thousands digit of (4989194/(-84))/(-17) + 5/(-6)?
3
Suppose 43*z - 41*z + 3 = 5*v, 5*z - 33 = -v. What is the units digit of (10 - z)/((-2)/(-311))?
2
Suppose 5*g - 10*g = -5*b + 50, b - 3 = 0. What is the units digit of g/(-56) + 2447/8?
6
Suppose 2*a = 35*a + 132505 - 1102375. What is the hundreds digit of a?
3
Let v(p) = -1733*p + 197. What is the tens digit of v(-14)?
5
Let i = 675 - -42. Suppose 2*s = -3*c - 2*s + i, -720 = -3*c - 3*s. Suppose 2*p = 2, r = -r - 5*p + c. What is the units digit of r?
9
Let c(v) = 13*v**2 - 107*v - 724. What is the thousands digit of c(49)?
5
Let m = 44 - 46. Let d(t) = -t**3 - t + 78. Let a(y) = -3*y**3 + y**2 - 3*y + 155. Let u(c) = m*a(c) + 5*d(c). What is the units digit of u(0)?
0
What is the hundreds digit of 10*(11 + 2808/3)?
4
What is the ten thousands digit of 10288224/132 - 6 - -3*(-2)/66?
7
Let z be (357/(-14))/(-1 - (-22)/28). What is the tens digit of (3120/(-364))/((-2)/z)?
1
Let m be ((-2)/(-6))/((-14)/(-21))*8. Let v be (-18)/(-12)*m/(-1). What is the units digit of ((-21)/v + -2)*(-484)/(-6)?
1
Let l(d) = -4*d + 18. Let o be l(4). Suppose o*y - 81 = 2031. What is the hundreds digit of y?
0
Let q be (-8)/(4 - 20) + 72739/(-2). What is the hundreds digit of ((-2)/(-3))/((-54)/q)?
4
Suppose y + 3*f - 3297 = 0, 0 = -3*y - 3*f + 5894 + 3991. What is the tens digit of y?
9
Let s = 4769 + 8475. What is the ten thousands digit of s?
1
Let n(a) = 13914*a**3 + 6*a**2 - 12*a + 2. What is the hundreds digit of n(1)?
9
Let m = 159 + 1242. Let v = m - 910. What is the hundreds digit of v?
4
Let h(i) = -201*i**2 + 35*i + 180. Let s be h(36). What is the tens digit of s/(-196) - (5/7 - 1)?
2
Let v(l) = -8*l**3 + 124*l**2 + 46*l + 13. What is the thousands digit of v(15)?
1
Let v(j) = -25*j. Let n be v(1). Let y(s) = -2*s**3 + 30*s**2 + 31*s + 49. Let c be y(16). Let k = c - n. What is the units digit of k?
8
Suppose 0 = -83*n + 509101 + 47829. What is the thousands digit of n?
6
Let w = -11013 - -15759. What is the hundreds digit of w?
7
Let j be -2 + 4 - (-3 + (2 - 3)). Let m be (((-27)/(-6))/3)/(j/8). Suppose 0 = 7*k + m*k - 432. What is the tens digit of k?
4
Let l be 73*(-1036)/(-16) - (-3)/12. Suppose -14891 = -34*v + l. What is the hundreds digit of v?
5
Let p = 1227 - 208. Suppose 0 = d + 2*i - 999, -10*d + 11*d - p = 3*i. What is the hundreds digit of d?
0
Suppose -5*x - 31 = -2*u + 305, -2*u + 2*x + 324 = 0. Suppose -2*r + u - 20 = 0. Let k = -37 + r. What is the tens digit of k?
3
Let q(z) = -20*z**3 + 90*z**2 + 18*z + 25. What is the tens digit of q(-8)?
8
Let w = -32 - -35. Let t(x) = 2*x - 5. Let h be t(5). Suppose -2*u + h*z = -125, w*u + 2*u = -4*z + 230. What is the units digit of u?
0
Suppose 33*z + 262782 - 563805 - 299148 = 0. What is the tens digit of z?
8
Suppose 0 = 3*p - 4*j, j + 9 - 12 = 0. Suppose -p*k - 33 = -7*k. What is the tens digit of k?
1
Let d = -75 + 90. Suppose 10*q + 25 = d*q. Suppose q*w = -37 + 592. What is the tens digit of w?
1
Let s(q) = 24*q**3 + 41*q**2 + 81*q + 238. Let c(h) = 17*h**3 + 27*h**2 + 54*h + 159. Let g(j) = -7*c(j) + 5*s(j). What is the units digit of g(-7)?
9
Suppose -1752*l = -1767*l + 44385. What is the units digit of l?
9
Let o(g) = -2110*g**3 - 6*g**2 - 7*g - 1. What is the tens digit of o(-1)?
1
Suppose -9 - 1 = -5*n. Suppose -384 = -16*j + 10*j. Suppose j - 2 = n*x. What is the tens digit of x?
3
Let m(i) be the first derivative of -12*i**2 - 71*i - 35. What is the units digit of m(-21)?
3
Let v be (2/7)/((-51)/1071). Let l(y) = -7*y**3 - y**2 + 3*y - 23. What is the units digit of l(v)?
5
Let f be (-3)/9*(-33 + 0)*1. What is the tens digit of 3/((-18)/(-174))*f?
1
Let d(t) = 5*t**3 + 153*t**2 + 88*t - 61. What is the units digit of d(-28)?
7
Suppose -2*d - 3*r + 5*r + 52 = 0, -4*d = -5*r - 108. Suppose -d*b + 9*b + 24089 = 0. What is the hundreds digit of b?
8
Let k(z) = -293*z**3 + 3*z**2 - 1. Let i(f) = -2*f**3 + f**2 + f - 1. Let n be i(1). What is the tens digit of k(n)?
9
Suppose 5*v - 4*o - 89180 = 0, -13*v + 9*v - 2*o = -71318. What is the hundreds digit of v?
8
Let u = 288404 + -203373. What is the hundreds digit of u?
0
Let x = 206 - 134. Let s = 16 + x. What is the units digit of s?
8
Let u(n) = n**2 + 9*n - 60. Suppose 2*v + 2*f = -26, -3*f - 16 = v - 7. What is the units digit of u(v)?
0
What is the units digit of ((-8)/16)/((-6)/85740)?
5
Suppose -18*r = -61*r + 2085156. What is the ten thousands digit of r?
4
Suppose 146 = -5*d + 2*g, 3*g + 2*g = -10. Let k be 2*5/d + (-3572)/(-6). Suppose -12*s = -5*s - k. What is the units digit of s?
5
Let g(m) = -6*m + 27. Let y(a) = a**2 + 10*a - 13. Let x be 3*((-86)/24 - 3/(-12)). Let z be y(x). What is the units digit of g(z)?
5
Suppose -29*q = -24*q - 5. Let t be q/(5/(495/3)). Let p = t + -22. What is the tens digit of p?
1
Let a(b) = 3*b - 67. Let h be a(18). Let o(z) = z**2 - 3*z - 10. What is the units digit of o(h)?
8
Suppose 17525*q - 5199297 = 17428*q. What is the units digit of q?
1
Let f(g) = 90*g - 132. Let u be f(-14). Let d = 2401 + u. What is the thousands digit of d?
1
Let o(s) = 53*s**2 - 2*s + 1. Let k = -152 - -149. What is the tens digit of o(k)?
8
Let x = 86 - 108. Let c(t) = t + 24. Let a be c(x). Suppose -4*q = -a*h + 36, -20 = -5*h + 4*q + 82. What is the tens digit of h?
2
Let b(w) = -16*w - 33. Suppose 2*g = 224 - 266. What is the units digit of b(g)?
3
Let a(y) be the second derivative of y**4/6 + 7*y**3/3 + y**2 - 15*y. Let p(c) = c**2 + 5*c + 1. Let x(f) = -4*a(f) + 11*p(f). What is the tens digit of x(-3)?
3
Let s(a) = 15*a**3 - 13*a**2 - 3*a - 11. Let c(u) = 7*u**3 - 6*u**2 - 2*u - 4. Let i(k) = 5*c(k) - 2*s(k). What is the units digit of i(2)?
8
Let x be (6 - 13 - -5)/((-4)/42). Suppose -x*s = -9*s - 10788. What is the hundreds digit of s?
8
Suppose 5*r + 2 = 4*r, 0 = -y - 2*r + 11180. What is the thousands digit of y?
1
Suppose -4*b - 3*m = -1382, 0 = b + 3*m - 220 - 121. Let r = -209 + b. Suppose 4*o + 337 + 386 = 5*a, -a = -3*o - r. What is the units digit of a?
7
Let t(k) = k**3 - 42*k**2 - 112*k + 82. What is the hundreds digit of t(47)?
8
Suppose 2*f + 60 = -46. Let r = f + 32. What is the units digit of ((-5)/10*-8)/((-2)/r)?
2
Suppose 4*q + 960 = 6*q - 5*x, 4*q - 1932 = 4*x. Let k = q - 42. What is the hundreds digit of k?
4
Let w(c) = 5223*c - 5724. What is the tens digit of w(6)?
1
Suppose 92*t + 42664 = 2*l + 96*t, -4*l - 3*t + 85283 = 0. What is the ten thousands digit of l?
2
Let y(l) = -8*l**3 + 6*l**2 - l + 1. Let v be y(-4). Let n = v + -337. What is the units digit of n?
6
Let g(k) = -k**2 + 17*k - 28. Let t be g(15). Suppose -j - 1738 = -5*c + j, 688 = t*c + j. What is the hundreds digit of c?
3
What is the tens digit of 171361/29*(14 - 5)?
8
Suppose 2*x - 79492 = -6*a - 9030, 5*a + x - 58723 = 0. What is the thousands digit of a?
1
Let c(m) = -m**3 - 6*m**2 - 112*m - 208. What is the ten thousands digit of c(-33)?
3
Let l(i) = -i**2 + 3*i + 14. Let m be l(0). Let p be (-12)/42 - (-1)/(m/(-24)). What is the units digit of 3/p + (-5)/10 + 124?
2
Suppose 2*x = s - 1916, 5*x + 0*s = s - 4793. Let i = -532 - x. What is the tens digit of i?
2
Let x(i) be the first derivative of i**4/4 - 5*i**3/3 + 11*i**2/2 + 32*i + 75. What is the units digit of x(5)?
7
Let f be (4/(8/126))/(745/(-40) - -19). Let s(i) = -i**3 - 4*i**2 - 2*i - 6. Let u be s(-4). What is the hundreds digit of f - (-4 + (5 - u))?
1
Let p(w) = -6*w. Let m be p(-7). Suppose 0 = -3*o + 5*s - 2 - 1, 2*o + s = 11. What is the units digit of m/o*100/75?
4
Suppose -29*u = -1641 - 331. Suppose s - u - 290 = 0. What is the hundreds digit of s?
3
What is the tens digit of 4828 + 17 - (-3 - 1)?
4
Suppose -3*b - 5*j + 1474 = 0, -20*b - 4*j + 482 = -19*b. Suppose 22*m - 20*m - b = 0. What is the tens digit of m?
4
What is the hund